{"id":99,"date":"2025-08-09T17:04:48","date_gmt":"2025-08-09T17:04:48","guid":{"rendered":"https:\/\/profi-klavierunterricht-wien.com\/?page_id=99"},"modified":"2026-04-08T13:23:06","modified_gmt":"2026-04-08T11:23:06","slug":"meine-philosophie","status":"publish","type":"page","link":"https:\/\/profi-klavierunterricht-wien.com\/","title":{"rendered":"Meine Philosophie"},"content":{"rendered":"\n<p>Erleben Sie professionellen Klavierunterricht in Wien, angeleitet von einer internationalen Konzertpianistin und erfahrenen Dozentin (Schubert Konservatorium Wien) in inspirierender Atmosph\u00e4re.&nbsp;&nbsp;<\/p>\n\n\n\n<p>Sich als eigenst\u00e4ndige*r Musiker*in zu entwickeln ist f\u00fcr junge Menschen unmessbar wichtig und ist mir ein zentrales Anliegen in meinem p\u00e4dagogischen Ansatz. Hierzu z\u00e4hlt, das inh\u00e4rente Potenzial jede*r Studierenden zur Entfaltung zu bringen, ob als Musiker*in mit selbstbewusster B\u00fchnenpr\u00e4senz oder als selbst\u00e4ndig denkende K\u00fcnstlerpers\u00f6nlichkeit. Ich halte es ausserdem f\u00fcr entscheidend, neben der Entwicklung von k\u00fcnstlerischer und technischer Kompetenz f\u00fcr jede*n einzelne*n Studierende*n ein individuelles Lehrkonzept zu entwickeln, massgeschneidert f\u00fcr deren individuelles K\u00f6nnen (vom Anf\u00e4nger mit Vorkenntnissen bis zum Professional).&nbsp;&nbsp;<\/p>\n\n\n\n<p>Besonders am Herzen liegt mir, meine Sch\u00fcler*innen individuell zu f\u00f6rdern und ihre musikalische Leidenschaft zu wecken, dabei ihre Lernziele bestm\u00f6glich zu unterst\u00fctzen und zu erreichen. Durch eine einf\u00fchlsame, strukturierte und zugleich kreative Unterrichtsgestaltung, erg\u00e4nzt durch meine Erfahrung als Musikerin, Musikphysiologin und P\u00e4dagogin, vermittle ich komplexe Zusammenh\u00e4nge klar und nachvollziehbar. Ein besonderer Fokus liegt dabei auf der Verbindung von Klangvorstellung, K\u00f6rperwahrnehmung und mentaler Vorbereitung \u2013 zentrale Faktoren f\u00fcr stabile und \u00fcberzeugende Auftritte. <\/p>\n\n\n\n<p>Geduld, Pr\u00e4zision und eine klare, wertsch\u00e4tzende Kommunikation bilden die Grundlage meiner Arbeit und erm\u00f6glichen es meinen Sch\u00fcler*innen, ihre Ziele fokussiert und nachhaltig zu erreichen sowie eine langfristige Lernleidenschaft zu entwickeln.<\/p>\n\n\n\n<h2 class=\"wp-block-heading\"><em><strong>METHODEN<\/strong><\/em><\/h2>\n\n\n\n<p>Meine Lehrpraxis besteht aus drei haupts\u00e4chlichen Standbeinen:&nbsp;<\/p>\n\n\n\n<ol class=\"wp-block-list\">\n<li>Der Erwerb eines pers\u00f6nlichen \u00c4sthetikverst\u00e4ndnisses f\u00fcr Studierende \u2013 Durch die Schulung des bewussten, kritischen H\u00f6rens und der musikalischen Vorstellungskraft helfe ich den Studierenden ihren musikalischen Geschmack zu entwickeln.&nbsp;<\/li>\n\n\n\n<li>Die Erweiterung technischer Fertigkeiten unter Einbeziehung der Anschlagsdifferenzierung, sowie des Ausdrucks, bzw. der&nbsp;<a href=\"http:\/\/web.archive.org\/web\/20240922102341\/https:\/\/de.wikipedia.org\/wiki\/Agogik_(Musik)\">Agogik<\/a>, Bewegungsf\u00e4higkeit, Pedalgebrauch u.a., und wie diese miteinander in Beziehung stehen. Dabei lege ich h\u00f6chsten Wert darauf, eine nat\u00fcrliche und physisch stimmige K\u00f6rperhaltung mithilfe der&nbsp;<em>Alexander-Technik<\/em>&nbsp;und&nbsp;<em>Feldenkrais<\/em>* zu kultivieren.<\/li>\n\n\n\n<li>Lernkompetenz zum Selbststudium entwickeln, um ein effizientes \u00dcben zu erm\u00f6glichen und somit den Lernprozess zu beschleunigen, der dauerhaft Spa\u00df, Erfolge und Motivation garantiert.&nbsp;<\/li>\n<\/ol>\n\n\n\n<p><em>Schwerpunkt :&nbsp;<\/em><\/p>\n\n\n\n<ol class=\"wp-block-list\">\n<li>Holistisches Erlernen rund ums Klavierspiel unter Einbeziehung von Musiktheorie sowie historischer und kultureller Zusammenh\u00e4nge.<\/li>\n\n\n\n<li><strong>Auftrittstraining<\/strong>: K\u00fcnstlerische Pr\u00e4zision durch gezieltes Mental- und K\u00f6rpertraining, sodass musikalische Inhalte nicht nur verstanden und mit Leichtigkeit umgesetzt werden, sondern auch unter Druck sicher abrufbar sind.<\/li>\n\n\n\n<li>Auf Niveau und die jeweiligen Lernbed\u00fcrfnisse angepasstes Lehrkonzept.<\/li>\n\n\n\n<li>Wettbewerb-, Aufnahmepr\u00fcfungsvorbereitung, vor allem im deutschsprachigen Raum.<\/li>\n\n\n\n<li>Anleitung zu Lernmethoden und Selbstreflexion (technisch und mental)<\/li>\n\n\n\n<li>Pers\u00f6nliches Wachstum, St\u00e4rkung der inneren Kr\u00e4fte durch das Musizieren.<\/li>\n<\/ol>\n\n\n\n<p>Unterrichtssprache: Deutsch, Englisch, Mandarin&nbsp;&nbsp;<br>Mehr \u00fcber meine k\u00fcnstlerischen T\u00e4tigkeiten:&nbsp;<a href=\"http:\/\/web.archive.org\/web\/20240922102341\/http:\/\/www.juilanhuang.com\/\"><strong><em>JuiLanHuang.com<\/em><\/strong><\/a>&nbsp;<\/p>\n\n\n\n<p><\/p>\n\n\n\n<p><br><\/p>\n\n\n\n<blockquote class=\"wp-block-quote is-layout-flow wp-block-quote-is-layout-flow\">\n<blockquote class=\"wp-block-quote is-layout-flow wp-block-quote-is-layout-flow\">\n<p class=\"has-text-align-center\">Erleben Sie selbst, wie meine Sch\u00fcler*innen Erfolge in Wettbewerben und Aufnahmepr\u00fcfungen an renommierten Hochschulen und Kunstuniversit\u00e4ten wie der&nbsp;<strong>Universit\u00e4t f\u00fcr Musik und darstellende Kunst Wien<\/strong>, der&nbsp;<strong>Musikhochschule N\u00fcrnberg<\/strong>&nbsp;und&nbsp;<strong>Royal Academy of Music<\/strong>&nbsp;<strong>London<\/strong>&nbsp;erzielen.<\/p>\n<\/blockquote>\n<\/blockquote>\n\n\n\n<p class=\"has-small-font-size\"><br>*&nbsp;<em>Alexander-Technik<\/em>&nbsp;und&nbsp;<em>Feldenkrais<\/em>&nbsp;sind p\u00e4dagogische Methoden, die sich mit dem Erkennen und \u00c4ndern von k\u00f6rperlichen Gewohnheiten besch\u00e4ftigen. Besonders bei der (Fehl)haltung von Spielbewegungen, die sich durch (Ver)spannungen, Schmerzen oder Funktionseinschr\u00e4nkungen \u00e4u\u00dfern.<br><br><em>** Musikphysiologie untersucht die physiologischen und psychologischen Wechselwirkungen zwischen K\u00f6rper, Nervensystem und Bewegung beim Musizieren und zeigt, wie Atem, Muskelspannung, Haltung und mentale Prozesse gemeinsam die klangliche Qualit\u00e4t und technische Kontrolle am Instrument beeinflussen.<\/em><\/p>\n\n\n\n<p><\/p>\n","protected":false},"excerpt":{"rendered":"<p>Erleben Sie professionellen Klavierunterricht in Wien, angeleitet von einer internationalen Konzertpianistin und erfahrenen Dozentin (Schubert Konservatorium Wien) in inspirierender Atmosph\u00e4re.&nbsp;&nbsp; Sich als eigenst\u00e4ndige*r Musiker*in zu entwickeln ist f\u00fcr junge Menschen unmessbar wichtig und ist mir ein zentrales Anliegen in meinem p\u00e4dagogischen Ansatz. Hierzu z\u00e4hlt, das inh\u00e4rente Potenzial jede*r Studierenden zur Entfaltung zu bringen, ob als &hellip; <\/p>\n<p class=\"link-more\"><a href=\"https:\/\/profi-klavierunterricht-wien.com\/\" class=\"more-link\">Continue reading<span class=\"screen-reader-text\"> &#8220;Meine Philosophie&#8221;<\/span><\/a><\/p>\n","protected":false},"author":2,"featured_media":0,"parent":0,"menu_order":0,"comment_status":"closed","ping_status":"closed","template":"","meta":{"footnotes":""},"class_list":["post-99","page","type-page","status-publish","hentry"],"aioseo_notices":[],"_links":{"self":[{"href":"https:\/\/profi-klavierunterricht-wien.com\/index.php\/wp-json\/wp\/v2\/pages\/99","targetHints":{"allow":["GET"]}}],"collection":[{"href":"https:\/\/profi-klavierunterricht-wien.com\/index.php\/wp-json\/wp\/v2\/pages"}],"about":[{"href":"https:\/\/profi-klavierunterricht-wien.com\/index.php\/wp-json\/wp\/v2\/types\/page"}],"author":[{"embeddable":true,"href":"https:\/\/profi-klavierunterricht-wien.com\/index.php\/wp-json\/wp\/v2\/users\/2"}],"replies":[{"embeddable":true,"href":"https:\/\/profi-klavierunterricht-wien.com\/index.php\/wp-json\/wp\/v2\/comments?post=99"}],"version-history":[{"count":5,"href":"https:\/\/profi-klavierunterricht-wien.com\/index.php\/wp-json\/wp\/v2\/pages\/99\/revisions"}],"predecessor-version":[{"id":387,"href":"https:\/\/profi-klavierunterricht-wien.com\/index.php\/wp-json\/wp\/v2\/pages\/99\/revisions\/387"}],"wp:attachment":[{"href":"https:\/\/profi-klavierunterricht-wien.com\/index.php\/wp-json\/wp\/v2\/media?parent=99"}],"curies":[{"name":"wp","href":"https:\/\/api.w.org\/{rel}","templated":true}]}}